w = 16635 + -16356. Calculate the greatest common divisor of w and 12.
3
Suppose -2064 - 1124 = -4*g. Suppose -v + 5*s + 169 = 0, -v + g = 4*v - s. What is the highest common factor of v and 53?
53
Suppose -16*m + 5*m + 330 = 0. Calculate the greatest common divisor of m and 170.
10
Let d(x) = 18*x**2 - x + 3. Let w be d(-2). Let j = -253 + 286. What is the highest common divisor of j and w?
11
Let i be 270*((-2)/18 + 3/(-27)*-4). What is the highest common divisor of i and 486?
18
Let b = -344 + 553. Let r(c) = c**3 - 15*c**2 - 55*c + 37. Suppose -3*d + 30 + 24 = 0. Let t be r(d). Calculate the highest common divisor of t and b.
19
Let w(x) = -x**2 + 8*x - 2. Let i be w(7). Suppose 3*f - 3*j - 21 = f, -i*j - 5 = 0. What is the greatest common divisor of f and 12?
3
Let t(q) = 2*q**2 - 58*q + 829. Let w be t(13). Calculate the greatest common divisor of w and 7.
7
Suppose -g + 13420 = -4*c, -10 = 247*c - 249*c. Calculate the greatest common factor of 180 and g.
60
Suppose -33*r + 4386 + 3067 = -2711. What is the highest common divisor of r and 238?
14
Suppose 0 = -27*k - 3*k + 196 + 284. What is the highest common factor of 1712 and k?
16
Let g = 2887 - 2841. Calculate the highest common divisor of g and 1863.
23
Let h = 43 + 45. Suppose -40*t - 52 = -44*t - 4*k, 5*t + 2*k = 50. Calculate the highest common factor of h and t.
8
Suppose 392*b - 443793 = 164199. What is the greatest common factor of b and 209?
11
Let b = 316 - 308. Suppose -6*r + 2*u = -r - 42, 58 = 5*r + 2*u. What is the greatest common divisor of r and b?
2
Let d(i) = -5*i - 12 + 10*i + i**3 + 8*i**2 - 6*i. Let f be d(-8). Let a be 1*(-392)/(-4) - f. Calculate the greatest common divisor of 68 and a.
34
Suppose 0 = 2*z + r - 75 - 161, 0 = -5*z - 5*r + 580. Let u = 24 - 21. Let l be -2 + 2 - (u - 18). What is the highest common divisor of l and z?
15
Suppose 2*c + 24*z = 25*z + 4536, -4*c - 5*z + 9058 = 0. Suppose -c = -13*m + 2153. What is the greatest common divisor of m and 10?
10
Let h = 11484 - 5425. What is the highest common factor of h and 146?
73
Let s = -24458 - -24533. What is the greatest common divisor of s and 123?
3
Let o(l) = 3*l**2 + 3*l. Let y be o(-3). Let j be 128/(-24)*(-1398)/8 - 6. Let r = -881 + j. Calculate the highest common factor of y and r.
9
Let h(m) = 9*m**2. Let a be h(-4). Suppose 0*d = 18*d - a. Calculate the greatest common factor of d and 296.
8
Let d(o) = -39 + 4*o + 23 + 22. Let f be d(-6). Let p be 8/(-6)*5/(20/f). What is the highest common factor of p and 18?
6
Let l(o) = 8*o**2 + 34*o + 23. Let p be l(6). Let m = -514 + p. What is the highest common divisor of 4 and m?
1
Let b = 9 - -207. Suppose -b = 196*q - 200*q. What is the highest common factor of 12 and q?
6
Let o(y) = 46*y**2 - y. Let d be o(-1). Let w = -299914 - -300102. What is the greatest common factor of w and d?
47
Suppose -i + 3843 = 4*q - 4840, -5*q = 2*i - 10859. Calculate the greatest common factor of 18 and q.
9
Let d(t) = -2*t**3 + 8*t**2 + t + 2. Suppose -5*k - 5*l + 4 = -4*k, -l - 12 = -3*k. Let x be d(k). What is the highest common factor of x and 186?
6
Let x(c) = -6*c + 21 + 8 + 4*c. Let n be x(13). Calculate the highest common divisor of n and 15.
3
Let d = -120 - -249. Suppose 0 = 11*m - 171 - 302. Calculate the greatest common factor of m and d.
43
Suppose s - 9*s = -88. Let d be s/(-4) + 3 - (-284)/16. Calculate the greatest common factor of d and 153.
9
Let w = -61 - -55. Let n = 8 + w. Suppose -n = 2*b - 5*v, -3 = -2*b + 3*v + 3. What is the greatest common divisor of b and 1?
1
Let k be 30/(-8) + (-6)/(-8). Let c(n) = n + 3. Let s be c(k). Suppose -4*z + 252 - 68 = s. What is the highest common divisor of z and 69?
23
Suppose 0 = -u + 5*t - 3, 2*t - 7 = -3*u + 35. Suppose u*m - 39 - 453 = 0. Calculate the highest common divisor of 902 and m.
41
Suppose 831600 = -151*p + 811*p + 330*p. What is the highest common factor of p and 160?
40
Suppose -11*u = -7*u - 132. Suppose -11*y + 14*y = u. Calculate the highest common factor of 88 and y.
11
Let x = 266 + -259. Suppose -26*d + x*d = -228. Let b be 164/14 + 4/14. What is the highest common divisor of b and d?
12
Suppose 3*o - 4*w + 91 = 415, 4*w = 12. Let n = -1127278 + 1127422. What is the highest common divisor of o and n?
16
Let o be 1/9 - 4577184/(-1863). What is the highest common divisor of o and 9477?
351
Suppose 2 = 2*d - 2*z, 0 = -4*z + 24 + 8. What is the highest common factor of d and 5571?
9
Suppose -4*u - 335 = -95. Let j = u + 59. Let t(m) = -2*m**3. Let l be t(j). Calculate the highest common divisor of l and 3.
1
Let q = -88 + 179. Let d = -480 + -96. Let v = d + 602. What is the highest common factor of v and q?
13
Suppose -7*v + 3*v = 2*i - 32, -3*i - 52 = -4*v. Suppose -6 = -4*s + v. Suppose -s*m = 8 - 56. What is the highest common divisor of 132 and m?
12
Suppose 0 = 3*j - 12, -3*v - 2*j - 2*j + 841 = 0. Suppose -2375 = 5*f + v. Let q be 1/(-5) - f/25. Calculate the greatest common divisor of 14 and q.
7
Let v be 1/(4/18*24/1744). Let d = -217 + v. What is the highest common divisor of d and 50?
10
Let g be (4/(-2))/(((-17)/1121898)/((-1)/(-4))). Calculate the greatest common factor of g and 51.
51
Suppose -24 = -6*r - 24. Let l be 21 - (r + -3 - (-7 - -3)). Let v(n) = 26*n - 2. Let q be v(2). What is the highest common factor of q and l?
10
Suppose -2*t + 30 = 8*t. Suppose 3*s - 17 = -t*m + 25, m = s - 18. Calculate the highest common divisor of 688 and s.
16
Suppose -10*l = -2*l + 616. Let h = -75 - l. Let i be ((0 - h) + -124)/((-5)/10). What is the highest common divisor of 21 and i?
21
Let q = -22303 - -22473. Calculate the highest common factor of 22 and q.
2
Suppose 0 = -9*w + 1500 - 420. What is the highest common factor of w and 60?
60
Suppose -64*w + 378554 - 92330 = 203*w. Calculate the highest common factor of 2345 and w.
67
Let g(n) = 125*n - 891. Let q be g(9). Let l be (15 - (5 + -3))*1. Calculate the highest common divisor of q and l.
13
Suppose 0 = 2*s - 5 + 85. Let g = -26 - s. Let k be 3/(5 - g)*-36. Calculate the greatest common factor of 48 and k.
12
Suppose -2*c = 5*i + 6924, c - 6*c = 4*i + 5546. Let t = -891 - i. Calculate the highest common divisor of t and 29.
29
Suppose 3*z - 11 + 2 = 0. Let c be 6/z + (1 - -1*10). Let o = c + -9. Calculate the greatest common factor of 16 and o.
4
Let d(p) = 3*p - 4 + 0 + 3 + 5. Let g be d(16). Calculate the highest common divisor of g and 26.
26
Let c be 1 + -2 + 5 - (183 - 206). Calculate the greatest common factor of 891 and c.
27
Let i(o) = 2572*o - 1298*o - 1291*o + 14 + 8. Let b be i(-4). Calculate the greatest common divisor of 120 and b.
30
Let t(c) = c**3 + 18*c**2 - 2*c + 39. Let o be t(-18). Let q = 63 + -33. Calculate the highest common divisor of q and o.
15
Let i be -3*28/12*2. Let t(k) = -2*k**2 - 33*k - 4. Let c be t(i). Let o be 7/((-21)/(-4))*c. Calculate the greatest common divisor of 8 and o.
8
Let v = 12 + 16. Let w = 223 - -349. Let h = w + -544. What is the greatest common divisor of v and h?
28
Let x = 5179 + -4187. Calculate the highest common divisor of 80 and x.
16
Let n(j) = -2*j**2 - 69*j + 46. Let u be n(0). What is the greatest common factor of 2438 and u?
46
Suppose 2*j - 4*m + 1 = 17, 4*m = j - 10. Let p = -147 + 154. Suppose p*b - 12 = b. What is the highest common divisor of j and b?
2
Suppose 5*i - 194 = -o, -3*o + 5*o + 119 = 3*i. Calculate the highest common factor of i and 2041.
13
Suppose c - 2 = -2*w, 4*c + 0*c + 4*w = 4. Let h be c/18 - (-58 - -1). What is the greatest common divisor of 285 and h?
57
Suppose 2*x + 5*j = -x + 15, -5*x - 6 = -2*j. Suppose -9*c + 5*c + 1152 = x. Let a = 14 - -18. Calculate the highest common divisor of a and c.
32
Suppose 75*w - 855 = 80*w. Let m = -90 - w. Suppose -1 = 3*b - 28. Calculate the greatest common factor of m and b.
9
Let o = 51850 + -26517. What is the greatest common factor of o and 77?
77
Let m be -13 + 4 + 2 + -123. Let x = m - -145. What is the highest common factor of x and 480?
15
Let u = 250 + -162. Suppose u + 224 = 8*k. What is the highest common divisor of 104 and k?
13
Suppose 74*d - 348 = 15*d + d. What is the greatest common factor of 6 and d?
6
Suppose 488*v = 483*v + 5*a + 65, -63 = -5*v + 4*a. Calculate the highest common 